
2
-1 + 1 + (5 - 4)
1
What is the value of -7 + (-17 + 20 - (-4 + 1))?
-1
Calculate (25 - 6) + -12 - 16.
-9
Calculate 1 - (-4 + 2 - -2).
1
What is the value of 9 + -7 + -4 + -2?
-4
What is the value of -2 - (-6 - 1) - 1?
4
7 + 7 + -10 - 6
-2
1 - (-1 - -2 - (2 - 1))
1
What is the value of 13 + 3 + -8 - (14 + -10)?
4
3 - (-4 + (2 - 0))
5
(3 - 2) + (5 - 1)
5
(-6 - -1) + (34 - 31)
-2
What is the value of (-4 - -1) + (-1 - 0)?
-4
What is (3 - (6 - 10 - -4)) + -5?
-2
What is 4 + -8 + 5 + 3?
4
Calculate -1 + 8 + -5 - -1 - 5.
-2
(11 + -7 - -1) + -4
1
Evaluate 9 + (-7 - -2) + 4.
8
Calculate 3 + -3 - (-1 - -6).
-5
What is (1 - (-11 + 2)) + -5?
5
What is -1 - 3 - (-4 - 3 - -1)?
2
What is -9 + (0 - (-2 + -1)) - -6?
0
Evaluate (-2 - -1) + (-3 - (1 + -4)).
-1
Evaluate -10 - (5 - 8) - (0 + -4).
-3
Evaluate (-10 - (-1 + -6)) + (-2 - -2).
-3
What is the value of 4 - (1 + (-3 + 1 - -3))?
2
7 + (0 - 3) - 2
2
-11 + 10 + -1 + 2
0
What is -1 + 2 + 1 - (-11 - -8)?
5
Calculate 1 + -1 + -26 + 22 - -9.
5
What is the value of -2 + (36 - 31 - (4 + 1))?
-2
What is (-11 - -11) + (2 - 2) + 11?
11
What is the value of 1 - ((-6 - (3 - 7)) + 4)?
-1
Calculate -8 - (-14 - -9) - (-1 + 1).
-3
Calculate (-5 - -2) + 1 - 3.
-5
What is 18 - (4 - 0 - -8)?
6
Calculate 3 - (5 + 6 + 2 + -4).
-6
What is the value of (20 - (10 + 2)) + -6?
2
Evaluate 9 - (4 + (-7 - -6)).
6
Evaluate (-1 + -1 - -2) + -5 + 3.
-2
What is the value of 6 - (3 - 3 - -1)?
5
What is -1 + -14 + 3 + 8?
-4
Evaluate -4 - -4 - 3 - (5 + -13).
5
What is the value of 5 + -6 + -1 + 9?
7
Calculate -4 + (-1 - 0) + 1 + 9.
5
(1 - 6) + (6 - (11 + -8))
-2
What is 0 + 2 + -1 + (0 - 2)?
-1
-3 - (-5 - (6 + -7))
1
3 + -7 + 3 + 4
3
What is -5 - (0 - -4 - -5 - 6)?
-8
Calculate -1 + (-2 - (-4 - -2)).
-1
What is the value of 2 - (4 + 0) - 3?
-5
Evaluate -4 + (0 - (0 + 2)) + 4.
-2
What is 5 + ((-7 - -10) + 4 - 9)?
3
Evaluate 7 + 0 + 0 - 4.
3
What is the value of (1 - -3) + (3 - (-1 - -4))?
4
What is the value of (4 - 9) + -1 - -2 - -5?
1
Evaluate (-1 - (1 + 1)) + 5.
2
Evaluate (8 - 13) + (4 - 1) - 1.
-3
(23 - 23) + -1 + 0
-1
What is (-6 - (-7 - (1 + -5))) + -1?
-4
What is -1 + 3 + -3 - 0?
-1
Evaluate 4 - (-2 - -3) - 2.
1
12 - (10 - (-2 + 5))
5
Evaluate 4 + 1 + (-10 - -6).
1
What is -3 + (5 + (-3 - -1) - -2)?
2
What is the value of -2 - (-2 + (2 - 2) + 3)?
-3
Evaluate 5 + -1 + -4 + 2.
2
What is -24 + 19 - (2 + 0)?
-7
Evaluate -8 - (-4 - (2 + 1)).
-1
Calculate -1 - ((3 - (0 - -5)) + 0).
1
Calculate 2 - (1 - 3 - -7).
-3
(-5 - (-2 + 0)) + 5
2
Calculate -3 - -7 - (1 - 2).
5
Evaluate (-6 - (1 - 2)) + 2 + -1.
-4
Evaluate (-199 - -196) + -1 + 9 + -2.
3
Evaluate 8 + -10 + 0 + (1 - 1).
-2
Calculate (-4 - (-2 + 7 + -10)) + 4.
5
What is the value of (-1 - -1) + -1 - (-6 + 0)?
5
Evaluate -2 - (-4 + 7) - (1 + -5).
-1
Calculate -8 - (-1 + 1 + -4).
-4
Calculate 6 + -3 - 9 - -2.
-4
Evaluate 14 + -11 + (1 - -2).
6
Evaluate (2 - 8) + 1 + 11.
6
Calculate 0 - (-5 + 0) - 9.
-4
What is the value of -10 - -13 - (6 - 2)?
-1
Evaluate (6 - (-9 - -22)) + 2 + 2.
-3
-1 + (3 - -1 - (-10 + 10))
3
-1 + 2 + 1 + 35 + -42
-5
Calculate 2 + (-4 - (2 + -2 - -4)).
-6
Calculate 5 + 2 - 5 - (-1 + 0).
3
(-5 - -5 - 4) + 0 - -8
4
What is the value of (-4 - -1) + (1 + -2 - -5)?
1
Evaluate 24 - 10 - 5 - 9.
0
What is the value of (-7 - 1) + 4 + 1?
-3
5 - 14 - (1 - 3)
-7
What is 1 - 8 - (-8 - -2)?
-1
Calculate 8 + (6 + -6 - 8) - -8.
8
What is (3 - 8) + 12 - 5?
2
What is (-1 - 4) + 0 + 3?
-2
Evaluate 2 - -3 - (4 + 1).
0
Evaluate 0 + (8 - 11) - 0.
-3
Evaluate (-6 - (-12 + 2)) + -2.
2
What is the value of (-7 - -2) + -3 - -6?
-2
-8 + 7 - (7 + -14)
6
Evaluate 1 + -6 + 2 + (3 - 2).
-2
Evaluate (-1 - (-2 - -9)) + (12 - 9).
-5
-2 + (4 - 7) - (1 + -5)
-1
Evaluate 1 - (-10 - (-6 + 0)) - 3.
2
(3 - 3) + -6 + 5
-1
What is the value of 7 + -6 + -6 + 2?
-3
Evaluate 0 + (-1 - -1) - (4 - 8).
4
Calculate (45 - 51) + (-1 - -2 - -2).
-3
3 - (-1 + 6 - (8 - -1))
7
What is the value of -10 - -11 - (0 + -1 + 2)?
0
Evaluate 0 - (-8 + 2) - 2.
4
Evaluate -14 + 11 + 3 + 0.
0
Calculate (-5 - -3) + (-3 - (2 + -7)).
0
-7 - -4 - (0 + -3)
0
What is -3 - -5 - (19 - 14)?
-3
2 - (-1 + -2 + (7 - 3))
1
Calculate (11 - 4) + -2 - 0.
5
1 + -3 + -13 + 14
-1
What is the value of -2 + (2 + -2 - -3)?
1
Calculate (0 + 1 - -2) + 83 + -85.
1
13 - 12 - (-4 + 2 + -7)
10
Calculate 37 + -36 + (0 - 5).
-4
Calculate 3 + -2 + 1 - (1 - 4).
5
Evaluate -3 - -5 - -1 - (10 - 6).
-1
What is (3 - (-2 - 0)) + -4 + 7?
8
1 - (21 - 13) - -4
-3
What is 14 + (-13 - (-4 + -8 + 5))?
8
What is the value of 1 - -1 - 6 - (2 + -10)?
4
Evaluate 4 + (-11 - (1 - 3) - -4).
-1
What is the value of -713 + 717 - (15 + -1 + -1)?
-9
Calculate 8 - (2 - (-4 + -2 + 3)).
3
What is the value of -4 + 5 + 4 + 0 + 0?
5
What is the value of (-3 - (-1 - -3)) + -1 + 3?
-3
Calculate 2 + (-2 - 6) + 8.
2
(1 - 2) + -6 - (0 - 2)
-5
Evaluate 2 - 1 - (9 + -6) - -2.
0
What is the value of 4 + -4 - 5 - (-10 + -6)?
11
(-3 - (-2 - 2)) + 1
2
Evaluate 2 + (8 - (10 + -12 + 6)).
6
27 + -31 - (2 + -1)
-5
-1 + -12 + (-12 - -21)
-4
Evaluate -6 - (-5 - 0) - 4.
-5
What is -1 - -5 - (55 - 45)?
-6
What is the value of -9 - -2 - (-6 + -4)?
3
Calculate (-1 - -1 - 5) + 0.
-5
What is (-1 - -4 - 7) + (3 - -5)?
4
9 + (3 + -7 - -1) + 2
8
What is (-6 - -5 - (-1 - 0)) + 2?
2
11 - (8 - (8 - 8))
3
What is (-3 + 3 - 4) + 9?
5
Calculate -5 + (2 - (2 - -3)) - 2.
-10
-1 + -1 + (1 - (5 + -4))
-2
Evaluate (-6 + -1 - -3 - -4) + 1.
1
What is 1 + -12 - (44 + -53)?
-2
What is the value of (12 - 16) + -7 + -1 + 8?
-4
What is the value of 3 - ((0 - 2) + 55 + -46)?
-4
What is the value of 2 + (0 - -3) - (-19 - -17)?
7
Calculate -1 - (-2 + (-2 - -1)).
2
Calculate -2 - (6 + -6) - (-2 - -7).
-7
Calculate 1 - (5 - (-5 + 6)).
-3
What is the value of -1 + -3 + (0 - -3) - 1?
-2
What is 0 + (-3 - -2) - -1 - 10?
-10
What is (-3 + (4 - 1) - -3) + -8?
-5
6 + 1 + -11 + 0
-4
Calculate -10 - -8 - 6 - -4.
-4
What is the value of -7 + 7 + (-2 - (-4 - -5))?
-3
What is 0 + (-5 + 7 - (4 - 1))?
-1
Calculate -7 + 4 + -3 - -12.
6
-12 - -5 - 1 - -10 - 8
-6
What is (1 - 5) + -1 - -1?
-4
Evaluate 8 + -12 + 13 + -16.
-7
What is 1 + (-3 - (1 - -2))?
-5
Calculate (1 - 0) + -4 + 1 + 0.
-2
4 - 3 - 2 - (1 + -5)
3
11 + (6 - 10) - 9
-2
Calculate 1 + (-2 - 1 - -2).
0
What is the value of -8 - ((-3 - -11) + -17 + -6)?
7
Calculate 3 - (0 - 3) - (21 - 15).
0
Evaluate 1 + 5 + -2 + -2.
2
Calculate (-6 - 0) + 2 + (41 - 42).
-5
Calculate 4 + -6 + -1 - (2 - 3).
-2
What is the value of -1 - (-3 + 0 + 6 - 5)?
1
(-3 - (2 + -1)) + -1
-5
Evaluate 0 + 1 - (-5 + 2).
4
-7 + 5 + -2 + 2
-2
What is the value of (-2 - -9) + -1 + -9?
-3
What is -3 - (5 + -3 + -8)?
3
Evaluate 1 + -2 - (5 + -3) - -8.
5
Calculate (-10 - -8 - 4) + 11.
5
What is 5 + (-4 - 7) + 10?
4
What is the value of 6 + 0 + (-2 - 3 - -2)?
3
-3 - (0 - 5) - (7 - 9)
4
Calculate 2 + 2 - (-4 - -4 - 0).
4
What is the value of -146 - -142 - (3 - 1)?
-6
Evaluate 10 - (4 + 9) - (-3 - 2).
2
Calculate (-5 - -2) + (9 - (12 - 2)).
-4
What is (-5 - -17) + (0 - 5)?
7
Evaluate (-6 - -8) + 6 + 3.
11
(2 - 21) + 3 + (-7 - -14)
-9
What is 2 + 1 - (-4 - -8)?
-1
Evaluate 4 + (2 - (8 + -1)) + 0.
-1
What is the value of 6 - (3 - 2 - -3)?
2
Evaluate 5 + -8 + (-1 - -9).
5
Calculate 4 + -12 + -15 + 14.
-9
What is the value of 4 - (1 + -2) - 1?
4
-6 + (-2 - -4) + 4
0
What is 5 + (-2 - 1) - (-4 - -3)?
3
(6 - 12 - -2) + 0 + 3
-1
(-58 - -61) + -7 + 0
-4
What is the value of 8 + (-7 - (2 - 2))?
1
Evaluate 1 - -10 - (-3 + 4).
10
Evaluate -4 + -1 - (0 - 1).
-4
What is 2 + ((3 - 0) + -2 - 1)?
2
What is the value of 0 + (-3 - -1 - (8 - 9))?
-1
Calculate -11 + 9 + 1 - (0 + -1).
0
Calculate (-10 - -4) + 1 + -1.
-6
Evaluate -8 - ((3 - 16) + 11).
-6
What is -1 - (0 + (10 - 8))?
-3
Evaluate 8 + -8 + (-6 - -8) - -7.
9
What is the value of -16 + 25 + 1 + -11?
-1
What is 0 - (-3 + 0 + 6 - 2)?
-1
What is -5 + 3 + -2 + 4 + -1?
-1
Evaluate 14 + (-10 - -19 - 19).
4
4 - (5 + (2 - 7))
4
What is the value of (-5 + 10 - 1) + -2?
2
Calculate (2 - (-9 + 10)) + -3 + -1.
-3
What is 1 - (-5 - (-5 - -4))?
5
Evaluate -5 - (-1 - 4) - -3.
3
What is -12 + (-4 - (1 + 6 + -17))?
-6
Calculate -25 + 22 + (9 - 2).
4
What is the value of -4 - -3 - (0 - 6)?
5
What is the value of 0 + 2 + 0 - (7 - 4)?
-1
Calculate (-11 - -20) + (-4 - 1).
4
Evaluate -11 + 10 + 0 + -5 + 0.
-6
5 